 10. Let u(f) = -5*d(f) - 4*k(f). Let s be (280/(-300)*-3)/((-4)/10). Determine u(s).
10
Suppose 3 = q - 5. Let s = 7 - q. Let b(t) = -t. Determine b(s).
1
Let g(p) = -p**3 - 4*p**2 + 3*p + 7. Let w be g(-4). Let t(n) = -2*n - 14. Calculate t(w).
-4
Let r(f) = f**3 - 3*f**2 + 3*f + 4. Let d(l) = -l - 1. Let s(n) = -6*d(n) - r(n). Let p be -3*1 + 14/2. What is s(p)?
-2
Let r(d) = 1 - 5*d**2 - 8273*d - 5 + 0 + 8272*d + 3. Let c(i) = i**3 + 7*i**2 + 5*i - 7. Let x be c(-6). Calculate r(x).
-5
Let y(c) = 4*c**3 - 23*c**2 + 3 + 1 + c - 3 + 13*c**2 + 11*c**2. Calculate y(-1).
-3
Let o(m) = 37*m + 4 + 0 - 36*m + 1. Let b be (-19)/3 - 3/(-9). Determine o(b).
-1
Suppose -4*o + 5 = -4*x - 7, 28 = 4*o + 4*x. Let h(v) = -v**3 + 10529 - 10532 + 6*v + v**2 + 3*v**2. Give h(o).
2
Let q(c) be the second derivative of c**4/12 + 2*c**3/3 - c**2 - 24*c. Calculate q(-3).
-5
Let p(y) = 3*y**3 - y**2. Let f(j) = 2*j**3 - j**2. Let l(d) = -7*f(d) + 5*p(d). What is l(-4)?
-32
Let m = 13 - 8. Let y(j) = j**2 - 6*j - 5. Calculate y(m).
-10
Let k(h) = -7*h**3 + 13*h**2 + 4*h + 6. Let y(w) = -10*w**3 + 15*w**2 + 5*w + 7. Let b(m) = 3*k(m) - 2*y(m). Calculate b(9).
22
Suppose -16*o + 6 = -12*o - 2*k, -4*o - 5*k - 29 = 0. Let a(z) = -8*z. Determine a(o).
8
Let b(i) be the first derivative of i**3/3 + 3*i**2/2 - 9. Let h be 19/(-7) - 4/14. Calculate b(h).
0
Suppose 3*h - 7 = 5*q, 4*h + 8*q - 3*q + 14 = 0. Let m be (-14)/(-2)*(2 + -1). Let x(o) = -7*o - m*o - 1 + 19*o. Determine x(h).
-6
Let b be -3*(1 + (-4)/3). Suppose 0 = 3*y - b - 17. Let t(n) = -340*n**2 + n**3 + 347*n**2 - 8*n - 2*n**3 + y. Calculate t(6).
-6
Let p(c) = -70*c + 1 + 136*c - 66*c + 17*c**2. What is p(-1)?
18
Let t(o) be the second derivative of -o**5/20 + 5*o**4/12 - o**3/6 - 3*o**2/2 + 4*o. Suppose -6*k + k = -25. Let p = -1 + k. Calculate t(p).
9
Let s(z) = -z - 27. Let k(q) = 27*q - 62. Let m be k(2). Calculate s(m).
-19
Let o(n) = n**3 + n**2 - n + 4. Let b = 15 - 15. Suppose -4*y - 23 = 4*r + 41, 2*y + 3*r + 30 = b. Let x be y/7 + 3/(-7). What is o(x)?
-11
Let s(z) be the first derivative of z**6/120 - z**5/12 + z**4/8 - 17*z**2/2 + 6. Let t(u) be the second derivative of s(u). Give t(4).
-4
Let z(i) = -10*i**3 - i**2 - i. Let h = -16 + 17. Let c be h*-3 + 14/7. Give z(c).
10
Let b be ((-64)/(-160))/(2/40). Let r(k) = -k - 1. Determine r(b).
-9
Let h(l) = l**3 - 9*l**2 - 7. Suppose -271 = -52*o + 197. Determine h(o).
-7
Let j be 3 + 0 - (-7 - (-6)/(-3)). Suppose x = -2*x + j. Let t(c) = -2 - 3*c - 1 + 0. Give t(x).
-15
Let a be 1760/66 - 2/(-6). Let z(q) = 3 + 14*q - a*q + 12*q. Determine z(9).
-6
Let s(y) be the second derivative of -y**3/3 - 29*y**2/2 - 2*y + 252. Calculate s(-14).
-1
Let z(w) = -2*w - w - 3*w**2 - 7*w - 6. Let n(x) = 2*x**2 + 9*x + 6. Let j(u) = -4*n(u) - 3*z(u). Determine j(7).
1
Let q(i) = 2*i + 41*i**3 - 3*i**2 + 1 - 40*i**3 - 2. Calculate q(3).
5
Suppose -5*b - 28 = -8. Let p(r) = 53*r**3 - 20*r + 19*r - 52*r**3 + 5 + 3*r**2. Give p(b).
-7
Let z be 5/10*(-1 + -9). Let m(g) = -5*g + 3. Let o(q) = -13*q + 9. Let h(p) = -11*m(p) + 4*o(p). Give h(z).
-12
Let t(a) = a**2 - a - 2. Let m be t(-2). Suppose 3*o - 35 = m*f, f - 5*f - 10 = 2*o. Let d(i) = o - i - 3 + 2. Determine d(6).
-2
Let c(f) = 11*f**2 + 64*f + 53. Let p(t) = 3*t**2 + 21*t + 18. Let z(i) = 2*c(i) - 7*p(i). Determine z(20).
0
Let x(m) = 41*m**3 - 80*m**3 + 23*m - 6*m + 8 + 7*m**2 + 38*m**3. Give x(9).
-1
Let i(z) be the second derivative of -23*z**3/6 - z**2/2 + 2*z - 93. Calculate i(-1).
22
Let i(p) = -p**2 - 8*p - 15. Let y be i(-6). Let v(q) be the first derivative of -q**2 + 3. What is v(y)?
6
Suppose 0*v = -5*v - 10. Let w(u) = -u**2 + u. Let m(b) = -b - 1. Let r(o) = -2*m(o) - w(o). Calculate r(v).
4
Let m = -29 + 36. Suppose m = -2*x - j + 19, 2*x + 4*j = 0. Let p(b) = -1 + 3 - 4 - 2*b - x. What is p(-7)?
4
Let t(l) = l**3 - 44*l**2 - 47*l + 97. Let y be t(45). Let r(k) = -6*k + 7. Give r(y).
-35
Let z be 14/(-7) - -3 - -4. Let t(m) = 2*m - 11. What is t(z)?
-1
Let x(p) = -8*p - 1. Suppose -3*j = -4 - 2. Suppose 0 = -2*h + l - j*l - 4, 5*h = 2*l - 10. Determine x(h).
15
Let l(h) = 3*h + 1. Suppose -11*m + 2450 = 2461. Calculate l(m).
-2
Let p be (-3 - -9)*((-16)/(-12) + -1). Let v = 9 + -4. Let x(q) = -q**3 + 2*q - q + 10 - v - q**p + 2. Calculate x(0).
7
Let p(l) = -2*l**2 - 15*l - 15. Suppose 4*a + y + 23 = 0, 4*a - y - 2*y = -27. Give p(a).
3
Let f = 558 + -553. Let c(n) = 6*n - 33. Calculate c(f).
-3
Suppose -5*p = -2*z + z + 17, -5*p + 4 = 2*z. Let d(j) = -1 - 1 - 2*j + z. Suppose 4*v + 1 - 17 = 0. What is d(v)?
-3
Let v(j) = j**3 - 4*j**2 - 2*j - 6. Let k = 147 - 142. What is v(k)?
9
Let d(r) = r**3 + 5*r**2 - r + 1. Suppose 0 = -u - 4*u. Suppose 0 = -3*j - u*j. Suppose j = -5*k + 8*k + 15. What is d(k)?
6
Let b(t) be the first derivative of 3*t**2/2 - 15*t + 37. Let m be b(5). Let g(p) = p - 4. Let q(x) = x - 4. Let v(y) = 3*g(y) - 2*q(y). Calculate v(m).
-4
Let c(h) = h**3 - 7*h**2 + 6*h - 2. Let w(m) = m + 8. Let l be w(-6). Suppose l - 1 = -q. Let f be (-204)/(-17)*q/(-2). What is c(f)?
-2
Let y(p) = -11*p - 51. Let h be y(-6). Let u(f) = 2*f - 35. Calculate u(h).
-5
Let c(b) = -4*b + 37 + 7*b + 3*b - 82 + 44. Suppose -r - 16 + 1 = -4*u, 6 = -2*u - 4*r. Give c(u).
17
Let j be ((-1)/2)/((-23)/230). Let y(s) = 2*s - 7. Calculate y(j).
3
Suppose -5 + 1 = q. Let i(t) = -3*t - 1. Let x be i(0). Let v(h) = 2*h**2 + 5*h + 4. Let c(s) = -s**2 + s + 1. Let d(f) = x*v(f) - c(f). Determine d(q).
3
Suppose 102*t - 45 = 93*t. Let o(c) be the third derivative of c**6/120 - c**5/10 + 5*c**4/24 - 5*c**3/6 + 2*c**2. Determine o(t).
-5
Let k(s) = -s**3 - 6*s**2 - s - 8. Let g be k(-6). Let t = -81 + 84. Let f be g*t*(-2)/(-3). Let z(j) = j**3 + 5*j**2 + 6*j + 1. Determine z(f).
-7
Let l(p) = -417*p**3 - 11*p**2 + 215*p**3 - 10 + 203*p**3 + 18*p. What is l(9)?
-10
Let k(n) = -n - 4. Suppose -8*b - 20 = -10*b. Let i be (-56)/(-12) + (-2)/(-6). Suppose -i*l - 15 - b = 0. Calculate k(l).
1
Let v(p) = p**2 + 4*p - 8. Let c be (-18)/15*(-30)/9. Let a = -27 + 25. Let k be (-3 - c) + a - -3. Calculate v(k).
4
Let m(l) = -2*l - 14. Suppose -84 = 17*s - 5*s. Calculate m(s).
0
Suppose -2*d = 4*y - 16, -4 = -3*d - y + 5*y. Suppose 0 = -d*i + f + 8, 6*i - i = -4*f + 10. Let k(w) = -w + 4 - 4*w - w**i - 1 - 6. Give k(-4).
1
Let v(w) = w**3 - 5*w**2 - 5*w + 7. Let i be 5/4*(2 + 2). Suppose 0 = -h - i*l + l + 13, h + 5 = 5*l. What is v(h)?
-18
Let j(w) = -4*w + 5 - 2*w**2 - 4 + 2*w + 4*w. Let y be j(2). Let m(k) = -3*k - 4. Calculate m(y).
5
Let p(u) = -u**2 + 6*u + 1. Let a be p(7). Let j(c) = 2*c - 1. Give j(a).
-13
Let z(c) = 3. Let p(n) = -n - 4. Let d(q) = -3*p(q) + 6*z(q). Calculate d(-9).
3
Let d(u) be the second derivative of -u**5/20 - u**3/6 + 3*u**2/2 + 45*u. Suppose 11*v = 9*v. What is d(v)?
3
Suppose -j - z + 11 = 0, 4*j - 2*z - 19 = -z. Let d(a) be the first derivative of a**3/3 - 5*a**2/2 - 2*a + 446. Calculate d(j).
4
Suppose -7*k + 5 + 16 = 0. Let x(w) = -w**3 + w**2 - 1. Give x(k).
-19
Let j(p) be the first derivative of -p**2/2 - p - 16. Let l(g) = -g**3 - g**2. Let v be l(-2). Suppose 2*q = -10, -v*q + q - 30 = 5*y. Give j(y).
2
Let n(o) = -o - 13. Suppose -a + 117 = -10*a. What is n(a)?
0
Let f(m) = 415*m**2 + 200*m + 80. Let o(g) = 32*g**2 + 15*g + 6. Let u(q) = 3*f(q) - 40*o(q). Calculate u(-1).
-35
Let n(p) = p**2 - 13*p - 5. Let m(r) = 4*r + 2. Let l(f) = 5*m(f) + n(f). Let s(t) = -6*t + 1. Let z be s(1). Calculate l(z).
-5
Let n be (2 - -14) + (-44 - -33). Let r(d) be the third derivative of -d**4/24 + d**3 - d**2. Determine r(n).
1
Suppose 37*q - 53 = -16*q. Let k(z) = -14*z + 1. What is k(q)?
-13
Let j(q) = -q**2 - 5*q - 4. Let t be j(-2). Let x(p) = 5*p - 13. Let m be x(t). Let d(c) = -c**3 - 5*c**2 - 5*c - 3. Calculate d(m).
-6
Let q(x) = -x**3 + 4*x**2 - 2*x - 2. Let h be (-3)/((-3)/5) + (-42)/21. What is q(h)?
1
Let k = -19 + 17. Let u(h) = -h**3 - h**2 + 1. Let z(i) = -5*i**3 - 6*i**2 - 3*i + 3. Let f(c) = c + 5. Let d be f(-4). Let n(x) = d*z(x) - 3*u(x). Give n(k).
10
Suppose 3*s + 2*s + 74 = 2*f, f - 5*s - 47 = 0. Let h = f + -26. Let j(c) = -47*c**2 + 42*c**2 - h + 0. Calculate j(1).
-6
Let s(k) = -k + 31. Let f = 364 + -349. What is s(f)?
16
Let u(t) be the third derivative of -t**6/120 - 7